{"id":77,"date":"2020-08-24T14:20:39","date_gmt":"2020-08-24T14:20:39","guid":{"rendered":"https:\/\/velikorodnov.com\/wordpress\/sushifushi\/?page_id=77"},"modified":"2024-12-02T19:07:25","modified_gmt":"2024-12-02T19:07:25","slug":"image-with-text","status":"publish","type":"page","link":"https:\/\/www.gasthaus-stoeger.at\/?page_id=77","title":{"rendered":"Unsere R\u00e4ume"},"content":{"rendered":"\t\t<div data-elementor-type=\"wp-page\" data-elementor-id=\"77\" class=\"elementor elementor-77\">\n\t\t\t\t\t\t<section class=\"elementor-section elementor-top-section elementor-element elementor-element-45d902f elementor-section-stretched elementor-section-boxed elementor-section-height-default elementor-section-height-default\" data-id=\"45d902f\" data-element_type=\"section\" data-settings=\"{&quot;stretch_section&quot;:&quot;section-stretched&quot;}\">\n\t\t\t\t\t\t<div class=\"elementor-container elementor-column-gap-extended\">\n\t\t\t\t\t<div class=\"elementor-column elementor-col-33 elementor-top-column elementor-element elementor-element-f01f131\" data-id=\"f01f131\" data-element_type=\"column\">\n\t\t\t<div class=\"elementor-widget-wrap elementor-element-populated\">\n\t\t\t\t\t\t<div class=\"elementor-element elementor-element-29e05f0 elementor-widget elementor-widget-steakbreak_image_box\" data-id=\"29e05f0\" data-element_type=\"widget\" data-widget_type=\"steakbreak_image_box.default\">\n\t\t\t\t<div class=\"elementor-widget-container\">\n\t\t\t\t\t<section class=\"mad-entities steakbreak-image-box top_image  align-left with-bg\">\r\n\t\t<div class=\"mad-entity\">\r\n\t\t\t\r\n\t\t\t<div class=\"mad-entity-media\">\r\n\t\t\t\t\r\n\t\t\t\t\t\t\t\t\t<img decoding=\"async\" src=\"https:\/\/www.gasthaus-stoeger.at\/wp-content\/uploads\/2024\/12\/gruppe-raeume.jpg\" title=\"gruppe-raeume\" alt=\"Gruppe in Gaststube\" loading=\"lazy\" \/>\t\t\t\t\t\t\t<\/div>\r\n\t\t\t\r\n\t\t\t<div class=\"mad-entity-content\">\r\n\t\t\t\r\n\t\t\t\t\t\t\t<h6 class=\"mad-entity-title\">\r\n\t\t\t\t\tGaststube\t\t\t\t<\/h6>\r\n\t\t\t\t\t\r\n\t\t\t\t\t\t\t<div class=\"steakbreak-description\">\r\n\t\t\t\t\tUnsere traditionelle Gaststube ist ein beliebter Treffpunkt f\u00fcr Jung und Alt. \t\t\t\t<\/div>\r\n\t\t\t\r\n\t\t\t\r\n\t\t\t<\/div>\r\n\t\t\t\r\n\t\t<\/div>\t\r\n\t\t<\/section>\r\n\t\t\t\t<\/div>\n\t\t\t\t<\/div>\n\t\t\t\t\t<\/div>\n\t\t<\/div>\n\t\t\t\t<div class=\"elementor-column elementor-col-33 elementor-top-column elementor-element elementor-element-66de05a\" data-id=\"66de05a\" data-element_type=\"column\">\n\t\t\t<div class=\"elementor-widget-wrap elementor-element-populated\">\n\t\t\t\t\t\t<div class=\"elementor-element elementor-element-900b726 elementor-widget elementor-widget-steakbreak_image_box\" data-id=\"900b726\" data-element_type=\"widget\" data-widget_type=\"steakbreak_image_box.default\">\n\t\t\t\t<div class=\"elementor-widget-container\">\n\t\t\t\t\t<section class=\"mad-entities steakbreak-image-box top_image  align-left \">\r\n\t\t<div class=\"mad-entity\">\r\n\t\t\t\r\n\t\t\t<div class=\"mad-entity-media\">\r\n\t\t\t\t\r\n\t\t\t\t\t\t\t\t\t<img decoding=\"async\" src=\"https:\/\/www.gasthaus-stoeger.at\/wp-content\/uploads\/2021\/10\/raum2.jpg\" title=\"raum2\" alt=\"raum2\" loading=\"lazy\" \/>\t\t\t\t\t\t\t<\/div>\r\n\t\t\t\r\n\t\t\t<div class=\"mad-entity-content\">\r\n\t\t\t\r\n\t\t\t\t\t\t\t<h6 class=\"mad-entity-title\">\r\n\t\t\t\t\tSt\u00fcberl\t\t\t\t<\/h6>\r\n\t\t\t\t\t\r\n\t\t\t\t\t\t\t<div class=\"steakbreak-description\">\r\n\t\t\t\t\tUnser St\u00fcberl - der Platz f\u00fcr kleinere, geschlossene Veranstaltungen.\n(30 Sitzpl\u00e4tze)\t\t\t\t<\/div>\r\n\t\t\t\r\n\t\t\t\r\n\t\t\t<\/div>\r\n\t\t\t\r\n\t\t<\/div>\t\r\n\t\t<\/section>\r\n\t\t\t\t<\/div>\n\t\t\t\t<\/div>\n\t\t\t\t\t<\/div>\n\t\t<\/div>\n\t\t\t\t<div class=\"elementor-column elementor-col-33 elementor-top-column elementor-element elementor-element-445f8e5\" data-id=\"445f8e5\" data-element_type=\"column\">\n\t\t\t<div class=\"elementor-widget-wrap elementor-element-populated\">\n\t\t\t\t\t\t<div class=\"elementor-element elementor-element-1df8b86 elementor-widget elementor-widget-steakbreak_image_box\" data-id=\"1df8b86\" data-element_type=\"widget\" data-widget_type=\"steakbreak_image_box.default\">\n\t\t\t\t<div class=\"elementor-widget-container\">\n\t\t\t\t\t<section class=\"mad-entities steakbreak-image-box top_image  align-left \">\r\n\t\t<div class=\"mad-entity\">\r\n\t\t\t\r\n\t\t\t<div class=\"mad-entity-media\">\r\n\t\t\t\t\r\n\t\t\t\t\t\t\t\t\t<img decoding=\"async\" src=\"https:\/\/www.gasthaus-stoeger.at\/wp-content\/uploads\/2021\/10\/stueberl-neu.jpg\" title=\"stueberl-neu\" alt=\"stueberl-neu\" loading=\"lazy\" \/>\t\t\t\t\t\t\t<\/div>\r\n\t\t\t\r\n\t\t\t<div class=\"mad-entity-content\">\r\n\t\t\t\r\n\t\t\t\t\t\t\t<h6 class=\"mad-entity-title\">\r\n\t\t\t\t\tExtrazimmer\t\t\t\t<\/h6>\r\n\t\t\t\t\t\r\n\t\t\t\t\t\t\t<div class=\"steakbreak-description\">\r\n\t\t\t\t\tUnser Extrazimmer bietet Platz f\u00fcr Sitzungen und kleinere Feiern.\n(35 Sitzpl\u00e4tze)\t\t\t\t<\/div>\r\n\t\t\t\r\n\t\t\t\r\n\t\t\t<\/div>\r\n\t\t\t\r\n\t\t<\/div>\t\r\n\t\t<\/section>\r\n\t\t\t\t<\/div>\n\t\t\t\t<\/div>\n\t\t\t\t\t<\/div>\n\t\t<\/div>\n\t\t\t\t\t<\/div>\n\t\t<\/section>\n\t\t\t\t<section class=\"elementor-section elementor-top-section elementor-element elementor-element-6d8052c elementor-section-stretched elementor-section-boxed elementor-section-height-default elementor-section-height-default\" data-id=\"6d8052c\" data-element_type=\"section\" data-settings=\"{&quot;stretch_section&quot;:&quot;section-stretched&quot;}\">\n\t\t\t\t\t\t<div class=\"elementor-container elementor-column-gap-extended\">\n\t\t\t\t\t<div class=\"elementor-column elementor-col-33 elementor-top-column elementor-element elementor-element-30697f8\" data-id=\"30697f8\" data-element_type=\"column\">\n\t\t\t<div class=\"elementor-widget-wrap elementor-element-populated\">\n\t\t\t\t\t\t<div class=\"elementor-element elementor-element-06099d6 elementor-widget elementor-widget-steakbreak_image_box\" data-id=\"06099d6\" data-element_type=\"widget\" data-widget_type=\"steakbreak_image_box.default\">\n\t\t\t\t<div class=\"elementor-widget-container\">\n\t\t\t\t\t<section class=\"mad-entities steakbreak-image-box top_image  align-left with-bg\">\r\n\t\t<div class=\"mad-entity\">\r\n\t\t\t\r\n\t\t\t<div class=\"mad-entity-media\">\r\n\t\t\t\t\r\n\t\t\t\t\t\t\t\t\t<img decoding=\"async\" src=\"https:\/\/www.gasthaus-stoeger.at\/wp-content\/uploads\/2021\/10\/terrasse-neu2.jpg\" title=\"terrasse-neu2\" alt=\"terrasse-neu2\" loading=\"lazy\" \/>\t\t\t\t\t\t\t<\/div>\r\n\t\t\t\r\n\t\t\t<div class=\"mad-entity-content\">\r\n\t\t\t\r\n\t\t\t\t\t\t\t<h6 class=\"mad-entity-title\">\r\n\t\t\t\t\tTerrasse\t\t\t\t<\/h6>\r\n\t\t\t\t\t\r\n\t\t\t\t\t\t\t<div class=\"steakbreak-description\">\r\n\t\t\t\t\tUnsere Terrasse befindet sich unter einer schattigen Weinlaube. Sie bietet einen herrlichen Ausblick auf den Donauwellenpark. Dort k\u00f6nnen sich unseren kleinen G\u00e4ste so richtig austoben.\n(60 Sitzpl\u00e4tze)\t\t\t\t<\/div>\r\n\t\t\t\r\n\t\t\t\r\n\t\t\t<\/div>\r\n\t\t\t\r\n\t\t<\/div>\t\r\n\t\t<\/section>\r\n\t\t\t\t<\/div>\n\t\t\t\t<\/div>\n\t\t\t\t\t<\/div>\n\t\t<\/div>\n\t\t\t\t<div class=\"elementor-column elementor-col-33 elementor-top-column elementor-element elementor-element-95c08cd\" data-id=\"95c08cd\" data-element_type=\"column\">\n\t\t\t<div class=\"elementor-widget-wrap elementor-element-populated\">\n\t\t\t\t\t\t<div class=\"elementor-element elementor-element-45c6c1d elementor-widget elementor-widget-steakbreak_image_box\" data-id=\"45c6c1d\" data-element_type=\"widget\" data-widget_type=\"steakbreak_image_box.default\">\n\t\t\t\t<div class=\"elementor-widget-container\">\n\t\t\t\t\t<section class=\"mad-entities steakbreak-image-box top_image  align-left \">\r\n\t\t<div class=\"mad-entity\">\r\n\t\t\t\r\n\t\t\t<div class=\"mad-entity-media\">\r\n\t\t\t\t\r\n\t\t\t\t\t\t\t\t\t<img decoding=\"async\" src=\"https:\/\/www.gasthaus-stoeger.at\/wp-content\/uploads\/2021\/10\/raum6.jpg\" title=\"raum6\" alt=\"Heuriger\" loading=\"lazy\" \/>\t\t\t\t\t\t\t<\/div>\r\n\t\t\t\r\n\t\t\t<div class=\"mad-entity-content\">\r\n\t\t\t\r\n\t\t\t\t\t\t\t<h6 class=\"mad-entity-title\">\r\n\t\t\t\t\tHeuriger\t\t\t\t<\/h6>\r\n\t\t\t\t\t\r\n\t\t\t\t\t\t\t<div class=\"steakbreak-description\">\r\n\t\t\t\t\t\n\nUnser Heuriger eignet sich ebenfalls f\u00fcr kleinere Feiern. F\u00fcr besondere Anl\u00e4sse wird er ab und an zum papperlaPUB umfunktioniert. Zus\u00e4tzlich bietet unser dazugeh\u00f6rige Hofheuriger im Sommer (jeden Sonntagnachmittag bei Sch\u00f6nwetter bzw. nach Anfrage) ein tolles Ambiente f\u00fcr Feierlichkeiten aller Art.\n(insgesamt 70 Sitzpl\u00e4tze)\t\t\t\t<\/div>\r\n\t\t\t\r\n\t\t\t\r\n\t\t\t<\/div>\r\n\t\t\t\r\n\t\t<\/div>\t\r\n\t\t<\/section>\r\n\t\t\t\t<\/div>\n\t\t\t\t<\/div>\n\t\t\t\t\t<\/div>\n\t\t<\/div>\n\t\t\t\t<div class=\"elementor-column elementor-col-33 elementor-top-column elementor-element elementor-element-3344095\" data-id=\"3344095\" data-element_type=\"column\">\n\t\t\t<div class=\"elementor-widget-wrap\">\n\t\t\t\t\t\t\t<\/div>\n\t\t<\/div>\n\t\t\t\t\t<\/div>\n\t\t<\/section>\n\t\t\t\t<\/div>\n\t\t","protected":false},"excerpt":{"rendered":"<p>Gaststube Unsere traditionelle Gaststube ist ein beliebter Treffpunkt f\u00fcr Jung und Alt. St\u00fcberl Unser St\u00fcberl &#8211; der Platz f\u00fcr kleinere, geschlossene Veranstaltungen. (30 Sitzpl\u00e4tze) Extrazimmer Unser Extrazimmer bietet Platz f\u00fcr [&hellip;]<\/p>\n","protected":false},"author":2,"featured_media":0,"parent":0,"menu_order":0,"comment_status":"closed","ping_status":"closed","template":"","meta":{"footnotes":""},"_links":{"self":[{"href":"https:\/\/www.gasthaus-stoeger.at\/index.php?rest_route=\/wp\/v2\/pages\/77"}],"collection":[{"href":"https:\/\/www.gasthaus-stoeger.at\/index.php?rest_route=\/wp\/v2\/pages"}],"about":[{"href":"https:\/\/www.gasthaus-stoeger.at\/index.php?rest_route=\/wp\/v2\/types\/page"}],"author":[{"embeddable":true,"href":"https:\/\/www.gasthaus-stoeger.at\/index.php?rest_route=\/wp\/v2\/users\/2"}],"replies":[{"embeddable":true,"href":"https:\/\/www.gasthaus-stoeger.at\/index.php?rest_route=%2Fwp%2Fv2%2Fcomments&post=77"}],"version-history":[{"count":20,"href":"https:\/\/www.gasthaus-stoeger.at\/index.php?rest_route=\/wp\/v2\/pages\/77\/revisions"}],"predecessor-version":[{"id":7380,"href":"https:\/\/www.gasthaus-stoeger.at\/index.php?rest_route=\/wp\/v2\/pages\/77\/revisions\/7380"}],"wp:attachment":[{"href":"https:\/\/www.gasthaus-stoeger.at\/index.php?rest_route=%2Fwp%2Fv2%2Fmedia&parent=77"}],"curies":[{"name":"wp","href":"https:\/\/api.w.org\/{rel}","templated":true}]}}